 175. List the prime factors of o(31).
2, 229
Let a be 6/(3 + (1 - 2)). Suppose 5*v + 4*y - 2 - 9 = 0, 12 = a*v - 3*y. Suppose -4*b - 4*j = -19 - 137, -v*b = -3*j - 87. List the prime factors of b.
2, 17
Suppose 4*z + 123 - 83 = 0. Let y(i) = 2*i + 23. Let p be y(z). List the prime factors of ((-44)/16 - 4)/(p/(-64)).
2, 3
Suppose -3*l + 228 = 18. Suppose 0*k + l = 2*k. Suppose 0 = y + 5, -5*n - 8*y = -3*y - k. What are the prime factors of n?
2, 3
Let n = 34477 - 24611. What are the prime factors of n?
2, 4933
Let d(o) = -17*o**2 + 532*o - 32. List the prime factors of d(30).
2, 157
Let y = -603 - -605. List the prime factors of y/11 + (-35305)/(-110)*4.
2, 3, 107
Let w(o) = -2*o**3 - 14*o**2 + 67*o - 137. What are the prime factors of w(-24)?
17839
List the prime factors of (-62)/4*((-3698 - 6) + -26).
5, 31, 373
Let s(w) = w**3 + 21*w**2 - w - 12. Let r be s(-21). Let z be -10 + r + (3 + -1 - 1). Suppose k + 2*g + z*g = 3, 3*k + 2*g = 9. List the prime factors of k.
3
Let k(c) be the second derivative of -c**5/20 + 7*c**4/6 - 2*c**3/3 + 7*c**2/2 - 7*c. Let h be k(14). Let b = h + 51. What are the prime factors of b?
2
Let m(q) be the second derivative of -q**3/3 - 2*q**2 + 9*q. Let d be m(-17). Suppose -u + d = u. What are the prime factors of u?
3, 5
What are the prime factors of ((-3)/(84/42595))/((-4)/16)?
5, 1217
Let m = -1398 - -1974. Let i = -310 + m. Suppose -3*v - 5*o = -i, -5*v + 4*o + o = -510. List the prime factors of v.
97
Suppose 0 = -4*p + 8 - 0. Suppose p*y - 144 = 94. What are the prime factors of y?
7, 17
What are the prime factors of (0 - -1) + 3737 - (-14 - (-39 - -31))?
2, 3, 13
Let r(u) = 11*u**3 + 35*u**2 - 24*u - 92. List the prime factors of r(17).
2, 7, 4547
Suppose 2*s = 4*r - 0*r + 2, 5*s + 9 = -4*r. Let l = 42 - s. What are the prime factors of l?
43
Let i(j) = 13*j**2 - 231*j - 58. List the prime factors of i(21).
2, 103
Suppose -17413 = -5*p + 7457. List the prime factors of p.
2, 3, 829
Suppose 39*d - 19*d = 160. Suppose -d*m - 5*n + 3589 = -6*m, -m + 1787 = n. What are the prime factors of m?
2, 3, 11
What are the prime factors of (387/6)/(4/(-246)*4/(-32))?
2, 3, 41, 43
Let r = 84 + -69. Let a(o) = -o + 1. Let k(f) = 2*f**2 + 4*f - 6. Let h(g) = r*a(g) + 3*k(g). What are the prime factors of h(-4)?
3, 5, 7
Let f(l) = 27*l**3 - 2*l + 5 - 28*l**3 - 3 + 5*l**2 + 3*l. Suppose -4*n + 9*n - 25 = 0. What are the prime factors of f(n)?
7
Suppose -5*k = -5*u - 3961 - 344, 4*u = 3*k - 2580. What are the prime factors of k?
2, 3
Suppose -229646 = -17*v + 77884. List the prime factors of v.
2, 3, 5, 67
Let w(p) = 98 - 2*p - p**2 + 1 + 8. Suppose 0 = 177*f - 167*f. What are the prime factors of w(f)?
107
Let r(w) = w**2 - w - 94. Let a(l) = l**2 - l - 93. Let v(x) = -4*a(x) + 3*r(x). Let d(f) = 3*f - 33. Let g be d(11). What are the prime factors of v(g)?
2, 3, 5
Let o = 17 + -5. Suppose 5*y - o = -2*m, 3*m - 8 + 32 = 3*y. Suppose -5*q + 314 = 3*n, 9*n + 168 = 3*q + y*n. What are the prime factors of q?
61
Let v(s) = -17 + 0*s - 26*s - 14*s - 2*s. List the prime factors of v(-10).
13, 31
Let o(l) be the second derivative of 103*l**3/6 + 5*l**2 + 134*l. Let r be (-1)/2 - 27/(-18). List the prime factors of o(r).
113
Suppose 2*y - 42 = -558. Let s = 1962 + y. List the prime factors of s.
2, 3, 71
Let f(z) = 2*z**3 + 77*z**2 + 51*z + 180. What are the prime factors of f(-32)?
2, 5, 593
Suppose 3*i + 15 = 81. Suppose 0 = 18*k - i*k + 8. Suppose -l - j - 3 + 24 = 0, -4 = -k*j. What are the prime factors of l?
19
Suppose -3*j - f + 406 = f, -3*j + 3*f + 381 = 0. Suppose -138*v + 348 = -j*v. What are the prime factors of v?
2, 29
Suppose -3 = -5*q + 7. Let w be q/(-4)*(-112)/8. Let r(a) = 3*a**2 - 6*a - 15. What are the prime factors of r(w)?
2, 3, 5
Let z be 23/(207/18)*1042/(-4). Let g = z + 874. List the prime factors of g.
353
Let a(x) = 2*x**2 + 4*x - 109. Let y be a(-9). Suppose -13*k = -y*k + 700. List the prime factors of k.
5, 7
Suppose 5*k - 2*v - 60 = 0, -50 = -5*k - 2*v + 30. Suppose k*t - 5553 = 5*t. What are the prime factors of t?
617
Let f be 0 + 0 + 0 + 2. Let p = -112 + 106. List the prime factors of ((-22)/p)/(f/72).
2, 3, 11
Suppose -4*q - 8 = 0, 3*v - 1648 = -5*q + 352. Let k = -396 + v. List the prime factors of k.
2, 137
Let j(p) = p**3 - 15*p**2 + p + 2. Suppose -2*i = -0*i + 54. Let r = -12 - i. List the prime factors of j(r).
17
Let f(k) = -40 + 44*k**3 - 15*k**2 - 17*k**3 - 21*k - 28*k**3. What are the prime factors of f(-17)?
5, 179
Let m be -6*(-2)/4*16/12. Suppose 0 = 8*k + m*k - 24144. List the prime factors of k.
2, 503
Let h be ((3 - 7)*-4)/((-1)/(-93)). Suppose 23*s - 19*s = h. Suppose 9*p - s = -3*p. What are the prime factors of p?
31
Let s = 28 - 26. Suppose -s*m - 4*p = -12, 2*m = p - 1 + 3. Suppose m*i = 5*i + 4*j - 637, 5*j = 5*i - 1085. List the prime factors of i.
5, 43
Suppose 2*j - 7*j - 4*k + 92610 = 0, 0 = -4*j - k + 74088. What are the prime factors of j?
2, 3, 7
Suppose 60*p = 66*p - 11292. Let u = p + -548. List the prime factors of u.
2, 23, 29
Suppose 21 = -j + 25. Suppose 1096 - 328 = j*p. Suppose -r = -5, r = -2*x - r + p. What are the prime factors of x?
7, 13
List the prime factors of 10455*(-15)/(-30)*2.
3, 5, 17, 41
Let y(f) = -10*f + 30. Let c(m) = 3*m**2 + 12*m - 3. Let x be c(-5). Suppose 0 = 5*p - 5*g + 25, 3*p + g - x = 5*p. List the prime factors of y(p).
2, 5
Let c = -81 - -73. What are the prime factors of 10812/18 + c - (-5)/(-3)?
3, 197
What are the prime factors of ((-4666)/(-12))/(573/44694)?
13, 2333
Let f(m) be the second derivative of 3*m**5/10 + m**4/4 - 2*m**3/3 + m**2 + 2*m. Let q(l) = -8*l**2 - 49*l - 4. Let v be q(-6). List the prime factors of f(v).
2, 3
What are the prime factors of (-6)/312*8 - (110478/(-26) - 1)?
2, 5, 17
Let q = -231 + 222. List the prime factors of (-7 - (-18)/q)/(1/(-44)).
2, 3, 11
Let i = 74126 - 40831. What are the prime factors of 18/(-189) - i/(-105)?
317
Let p(c) = -c**3 + 5*c**2 + 9*c - 12. Let l be p(6). Let o be (4/(-2) + -1)/(-1). Suppose -l*x + o*x = -165. What are the prime factors of x?
5, 11
Let k(z) = -371*z - 446. List the prime factors of k(-18).
2, 19, 41
Suppose 0 = 31*a - 10*a - 84. Suppose 147 = x - 5*t, 0*x = -x + a*t + 146. What are the prime factors of x?
2, 71
Let s = -139 + 207. Let f = 254 - s. What are the prime factors of f?
2, 3, 31
Let q be 1/(-4) + -7 + (-4077)/(-36). Let m = q + -22. List the prime factors of m.
2, 3, 7
Suppose -h + 5523 = -i, -5*i + 7*i = 5*h - 27636. What are the prime factors of h?
2, 5, 7, 79
Let n(m) = 100*m**2 + 424. List the prime factors of n(-17).
2, 7331
Let y = -452 + 452. Suppose -5*m - 5*o + 4860 = y, -3*o + 4866 = -14*m + 19*m. List the prime factors of m.
3, 5, 13
Suppose 0 = -0*q - 2*q - o, 0 = -4*q - o. Suppose -4*x = j + j - 82, q = -5*j + 4*x + 233. Let n = j - -32. What are the prime factors of n?
7, 11
Suppose -2*m + 418 = -0*q + q, -209 = -m - 5*q. Suppose -29*d + 4000 = -61*d. Let s = m + d. List the prime factors of s.
2, 3, 7
Let s(q) be the second derivative of 0 - 1/6*q**4 - 19/6*q**3 + 7*q**2 + 34*q. What are the prime factors of s(-9)?
23
Let t(k) = -k - 171. Let q be t(0). Let x be 281 + (-13)/(-52)*-4. Let i = q + x. List the prime factors of i.
109
Let q(r) = -10*r**3 + r**2 + 5*r + 20. Let z(n) = n**2 + 19*n - 46. Let b be z(-21). List the prime factors of q(b).
2, 41
Suppose 0 = 44*b + 209607 - 488683 - 623188. List the prime factors of b.
2, 10253
What are the prime factors of (-1745249)/(-77) - ((-2)/6)/(14/18)?
2, 7, 1619
Let x(d) = 43*d**2 - d + 3. Let h be x(-4). Let l be -1 - (1281/(-305) - (-8)/(-10)). Suppose l*i - h = -191. List the prime factors of i.
2, 3, 7
Let n = -42 - -52. Let h be (-6)/n + -27*(-178)/10. Suppose h = 5*a - a. List the prime factors of a.
2, 3, 5
Suppose -5 - 2 = -h - 5*y, -5*y + 23 = -h. Let m be 1/((-12)/h)*141. Suppose -2*z + 3*b - 134 = -3*z, -z + 5*b = -m. What are the prime factors of z?
7, 17
Let u(j) = j**3 - 37*j**2 + 34*j + 68. Let d be u(36). What are the prime factors of d/(-4) - -102*4?
409
Let q(c) = c**3 + 9*c**2 - 22*c - 2. Let r be q(-11). What are the prime factors of ((-64)/(-56)*18)/(r/(-14))?
2, 3
Let r(d) = d**2 - 10*d - 34. Let g be r(13). Suppose g*q = p - 5*p + 161, 5*q = p - 9. Suppose